*3 + 23*p**2 + 7*p + 18. Let k be d(11). Let l = k + -148. Let h = -38 + l. What are the prime factors of h?
2, 3, 5
Suppose 62434 = 2*s - 5*u, 2*s = -3*u + 50063 + 12435. List the prime factors of s.
31237
Let j = 79 + 15. Let k = j - -149. What are the prime factors of k?
3
Suppose 5*u - 2*q - 12 = 0, 3*u - q = 2*q. Suppose -12 = -8*f + u*f. Suppose f = 2*w - 3*w, 0 = 2*o - 3*w - 155. What are the prime factors of o?
73
Suppose 489*a - 484*a = 15400. Suppose -61*n = -41*n - a. List the prime factors of n.
2, 7, 11
Let m(a) be the third derivative of 2/3*a**3 + 73/24*a**4 + 0 + 0*a + 9*a**2. List the prime factors of m(2).
2, 3, 5
Let l(t) = 22578*t**2 + 358*t - 358. List the prime factors of l(1).
2, 3, 53, 71
Let z(o) = o + 3 + 4 - 4. Let s be z(-9). What are the prime factors of (-2 + s/45*-5)*-123?
2, 41
Let o = 155589 + -108513. List the prime factors of o.
2, 3, 3923
Suppose 317*z - 310*z = 385. Suppose -4*o - 67 = 2*q - 173, -q + z = 4*o. What are the prime factors of q?
3, 17
Let g(u) = u**3 - 7*u**2 - 3*u + 24. Let d be g(7). List the prime factors of d/(((-28)/108)/(-7)).
3
List the prime factors of 39/((-117)/42) + 3423.
7, 487
Let x(y) = 18458*y + 203. Let b be x(-7). List the prime factors of (-2)/(-5) + b/(-105) - -2.
1231
Suppose 3*h = 2*h - 2. Suppose -18 = -y - 5*p, 10 = -3*y - 5*p + 34. List the prime factors of 243 + y/(-2)*h.
2, 3, 41
Let d(a) = -a**2 + 6*a - 4. Let t be d(6). Let g be (t/10)/((-13)/65). Suppose 52 = 4*m + 4*r, -g*m + 17 = 4*r + 1. List the prime factors of m.
2, 3
Let a = 24 + -20. Suppose -a*r + 3*r = -9. Let h(p) = 2*p**2 + 4. What are the prime factors of h(r)?
2, 83
Let m(i) = -i**3 - 7*i**2 - 25*i - 5. Let g = -581 - -574. List the prime factors of m(g).
2, 5, 17
What are the prime factors of (-4)/(-9) - (-15 - (-2137804)/(-207))?
10343
Let r be -3*(0 - 20/(-6)). What are the prime factors of (-12)/((r/(-340))/(14/(-3)))?
2, 7, 17
Let g(w) = -w**3 - 6*w**2 - 11*w + 13. Let s be g(-6). Suppose s*b - 84*b + 507 = n, -3*n = b - 1563. List the prime factors of n.
2, 3, 29
Suppose 4 = 2*o - 6. Suppose s + 2*l = 6*s - 907, -o*l - 712 = -4*s. What are the prime factors of s?
3, 61
Let v(s) = 11*s**2 + 7*s - 3. Let c be 2*(6 + (-35)/10). What are the prime factors of v(c)?
307
Let v(k) = -5*k**3 - 4*k**2 + 4*k - 2. Let d be v(4). Suppose o = 4*o + 4*j - 1873, -4 = -4*j. Let w = o + d. What are the prime factors of w?
11, 23
Let g(o) be the third derivative of -o**6/60 + 23*o**5/60 + 17*o**4/24 + o**3/2 + 2*o**2. Let t = 5773 + -5761. What are the prime factors of g(t)?
3, 7
Let b = -1010 - -492. Let j = 0 - b. List the prime factors of j.
2, 7, 37
Let s(n) = 5*n + 94. Let l be s(-19). List the prime factors of (-2292)/6*l - 0.
2, 191
Suppose 15 = -5*t + 35. Suppose -2*f + 17 = 3*v, 4*v + t*f + 5 = 21. Suppose -v*b + 3*b + 480 = 0. What are the prime factors of b?
2, 5
List the prime factors of (29883 + -5)*(-3 + 12/9*3).
2, 14939
List the prime factors of (3132/232 + (-10)/12)*186.
2, 19, 31
Suppose 146 = -2*a + 4*b, 4*a + 2*b + 132 + 110 = 0. Let u be 57/5 + a/(-105). Suppose 5*o = -m + 1052, 196 = o - m - u. What are the prime factors of o?
2, 3, 5, 7
Suppose -18*p + 10*p = 960. What are the prime factors of 151/5 + 24/p?
2, 3, 5
Let p(x) be the third derivative of 23*x**7/5040 + x**6/36 + x**5/15 + 43*x**2. Let t(l) be the third derivative of p(l). List the prime factors of t(7).
181
Let w(p) = 901*p**3 - 4*p**2 - 22*p + 124. List the prime factors of w(4).
2, 3, 1601
Let p be ((-2)/(-6))/((-1)/(0 + -3)). Let d be (p + 5)/((-3)/(-110)). Suppose 7*g + n - d = 3*g, -4*g - 4*n + 208 = 0. What are the prime factors of g?
2, 7
Let c be 5/(-30)*3 - (-109)/(-2). Let k = c - -57. Suppose -k*h + 95 = -5*u, -27 = 2*h + u - 152. List the prime factors of h.
2, 3, 5
Suppose -2*z - 6769 = -18765. List the prime factors of z.
2, 2999
Let z = 11035 - 6230. Suppose -5*n - 890 = 4*v - z, 2*n + 5*v - 1566 = 0. List the prime factors of n.
3, 29
Let t(o) = -3*o**2 - 32*o + 9. Let j be t(-7). List the prime factors of 4/6*3*12083/j.
281
Suppose -42258 + 75180 = 18*g. What are the prime factors of g?
31, 59
What are the prime factors of 148/(1*(-8 - 10638/(-1329)))?
2, 37, 443
Suppose -29*f + 9*f + 88978 - 11378 = 0. List the prime factors of f.
2, 5, 97
Suppose -11*g + 10*g + 88 = -2*r, 3*r + 627 = 7*g. What are the prime factors of g?
2, 3, 5
Let i(v) = -v**3 - 3*v**2 - 3*v - 3. Let l be i(-4). Let u be 7/((-35)/(-10)) + l. Let m = 33 + u. What are the prime factors of m?
2, 3, 5
Let k(q) = q**3 + q**2 - 4*q - 3. Let r = 74 + -72. Let p be k(r). List the prime factors of 38*(-2)/8*(-15 + p).
7, 19
Suppose -8*s + 1064 = -4114 - 62. What are the prime factors of s?
5, 131
Let g(f) = -f**3 + 7*f**2 - 4*f - 9. Let v be g(6). Suppose 4*b - 5*b = -5*d + 1012, 0 = v*d - 5*b - 594. What are the prime factors of d?
7, 29
List the prime factors of ((-52437)/(-42) - 23)/((-6)/(-32)).
2, 19, 43
Let z(k) = k**3 + 3*k. Let y be z(-3). Suppose 2*a + 5*h = -29, -h + 4 - 3 = -3*a. Let b = a - y. List the prime factors of b.
2, 17
Suppose -40*u + 9583 = 4*x - 43*u, 3*x - 7156 = -4*u. List the prime factors of x.
2, 13, 23
Suppose u + 4*u + 2*v = 1607, 2*u = 4*v + 638. Suppose -4*f = 3*h - 894 - 65, h = -2*f + u. Let i = h + -219. List the prime factors of i.
2, 7
Suppose -4*u - 3*t + 10026 + 4510 = 0, -3*t + 7262 = 2*u. List the prime factors of u.
3637
Let n(j) = j**3 - 11*j**2 - j. Let h be n(11). List the prime factors of ((-5772)/(-60) + h)*(-40)/(-6).
2, 71
Let c(h) = -25*h + 15. Let q = 16 + -14. Suppose 35 = -q*l + 19. What are the prime factors of c(l)?
5, 43
Suppose 2*t - 38552 = 2*q, 2*t = -3*q + 17876 + 20701. What are the prime factors of t?
3, 6427
Let b(k) = 21*k**2 + 15*k - 4. Let s be b(6). Suppose -p + s = 235. What are the prime factors of p?
607
List the prime factors of (-13)/(7/(-165144)*6).
2, 13, 983
Let h = 136 + -151. List the prime factors of 5/h*897*-1.
13, 23
Let v = 205978 - 131352. What are the prime factors of v?
2, 37313
Let i be 51/3 - (-6 + 8). Let b be (-1)/(-5) - 168/i. What are the prime factors of 4/22 + (-1164)/b?
2, 53
Suppose 8*w - 29217 = 22223. List the prime factors of w.
2, 5, 643
Let r(w) = 49*w**2 - 3*w - 5. Let j be (21/(-28))/((-3)/24*2). Let l(d) = -24*d**2 + 2*d + 3. Let a(c) = j*r(c) + 5*l(c). List the prime factors of a(2).
2, 5, 11
Let u(x) = 40*x**2 - 53*x + 233. What are the prime factors of u(14)?
7331
Let w = -27 + 28. Suppose -1 = -15*c - w. Suppose -3*u + 393 = -c*u. List the prime factors of u.
131
Let z = 33282 - 29569. List the prime factors of z.
47, 79
Suppose -4*o = -o - u - 13, 0 = -3*o - 3*u + 21. Suppose 4*y + 1622 = o*t + 2*y, 338 = t + 3*y. List the prime factors of t.
2, 163
Let a = 7689 + 2566. What are the prime factors of a?
5, 7, 293
Suppose 365*y - 364*y - 22847 = 0. List the prime factors of y.
11, 31, 67
List the prime factors of -1 + ((-40)/(-5) + 22210 - -2).
17, 1307
Let i = -404 + 1678. Let m = i - 640. What are the prime factors of m?
2, 317
Let q be (-9)/3*((-15)/9 - -1). Suppose -q*u - 618 = -3*u. Suppose u = -3*k + 9*k. List the prime factors of k.
103
Suppose 0 = 3*f + f + 5*p - 374234, -3*p - 18 = 0. What are the prime factors of f?
2, 11, 4253
Let j = 68 + -82. Let x = 8 + j. What are the prime factors of (17/(-3))/(2/x)?
17
Let m(b) = -5*b + 113. Let w be m(22). Suppose -5*d + a + 1568 = 0, -w*d - 451 = 4*a - 1378. What are the prime factors of d?
313
Let l(n) = 4*n**2 - 19*n - 5. Let z be ((-7)/(-35))/(3/345). Suppose z*r - 16*r = 56. List the prime factors of l(r).
3, 11
Let q = -9407 + 34154. What are the prime factors of q?
3, 73, 113
Let g(n) = -n + 1. Let v be g(1). Let y be 6 + (-3 - v) + -5. What are the prime factors of (-241 - 1)*y/4?
11
Let a(b) = 47*b**2 - 82*b - 8. What are the prime factors of a(12)?
2, 19
Suppose -3*g + 4 = -79*i + 83*i, -7 = -4*g - 5*i. Suppose -2*y = a - 2511, 7*a = -2*y + g*a + 2513. What are the prime factors of y?
2, 157
Let x be (5 - 2)*48/3. Let r = -45 + x. Suppose -r*h + 6*h = 2*o - 94, -139 = -3*o + 5*h. What are the prime factors of o?
53
Suppose 5*z - 4*g = -4, g + 3*g = -z - 20. Let s = z - -134. Suppose s = 4*k - 2*c, c - 14 = -2*k + 45. What are the prime factors of k?
31
Let g = -10 - -25. Suppose -1